{"id":66,"date":"2018-04-06T12:32:04","date_gmt":"2018-04-06T12:32:04","guid":{"rendered":"http:\/\/www.mudita-shiatsu.de\/\/?page_id=66"},"modified":"2019-06-04T13:50:17","modified_gmt":"2019-06-04T13:50:17","slug":"another-page","status":"publish","type":"page","link":"https:\/\/www.mudita-shiatsu.de\/?page_id=66","title":{"rendered":"Biodynamische Craniosacralarbeit"},"content":{"rendered":"<p><img decoding=\"async\" loading=\"lazy\" src=\"https:\/\/www.mudita-shiatsu.de\/\/wp-content\/uploads\/2019\/02\/cranio_hoch-1024x1024.jpg\" alt=\"\" width=\"660\" height=\"660\" class=\"alignnone size-large wp-image-1048\" \/><\/p>\n<h4><em>\u201eIns Flie\u00dfen kommen\u201c<\/em><\/h4>\n<p><img decoding=\"async\" loading=\"lazy\" src=\"https:\/\/www.mudita-shiatsu.de\/wp-content\/uploads\/2019\/02\/cranio_hoch-575x375.jpg\" alt=\"\" width=\"575\" height=\"375\" class=\"mobiloptimiert\" \/><\/p>\n<p>Die Biodynamische Craniosacralarbeit geht davon aus, dass der K\u00f6rper eine grundlegende F\u00e4higkeit zur Selbstregulation besitzt.\u00a0 Hintergrundmodell ist unter anderem die Embryologie, Neuro-Biologie und Neuro-Psychologie.<span class=\"Apple-converted-space\">\u00a0<\/span><\/p>\n<p>Die Annahme, dass unser Gehirn bis ins hohe Alter die F\u00e4higkeit hat, sich neu zu organisieren, eine Plastizit\u00e4t besitzt, macht sie zu einer effektiven Methode des 21. Jahrhunderts.<\/p>\n<p>Die Biodynamik arbeitet\u00a0 mit wenigen mechanischen Techniken und erforscht eher durch feinstes Ertasten und Ersp\u00fcren die Bewegung der verschiedenen K\u00f6rperwasser. Das ist als feines wellenartiges Pulsieren zu f\u00fchlen. Die Fl\u00fcssigkeiten werden als Informationsspeicher gesehen und erm\u00f6glichen den Zugang zu unserer Urmatrix , der Blaupause f\u00fcr unseren K\u00f6rper, der st\u00e4ndig bestrebt ist ein Gleichgewicht herzustellen.<\/p>\n<p>Durch subtile achtsame Ber\u00fchrung werden diese feinsten Mikrobewegungen<span class=\"Apple-converted-space\">\u00a0 <\/span>der verschiedenen Fl\u00fcssigkeitspulse im K\u00f6rperenergiesystem bewusst gemacht. Das unterst\u00fctzt unser System wieder in eine Expansion zu kommen und Zugang zur innewohnenden Zellintelligenz unseres K\u00f6rpers zu bekommen. Tiefenentspannt ist unser K\u00f6rper bereit seine Selbstheilungskr\u00e4fte zu aktivieren.<\/p>\n<p>Die Behandlung erfolgt bekleidet auf einer Liege, empathische Ber\u00fchrung richtet sich an der Mittellinie zwischen dem Sch\u00e4del= Cranium- und dem Kreuzbein = Sacrum \u2013 des Klienten aus. Als Behandlerin stimme ich mich auf die Prim\u00e4re Atmung ein, die Lungenatmung wird als sekund\u00e4re Atmung bezeichnet, und es entsteht eine innere Welle, die dem K\u00f6rpersystem erlaubt, sich neu zu programmieren.<span class=\"Apple-converted-space\">\u00a0<\/span><\/p>\n","protected":false},"excerpt":{"rendered":"<p>\u201eIns Flie\u00dfen kommen\u201c Die Biodynamische Craniosacralarbeit geht davon aus, dass der K\u00f6rper eine grundlegende F\u00e4higkeit zur Selbstregulation besitzt.\u00a0 Hintergrundmodell ist unter anderem die Embryologie, Neuro-Biologie und Neuro-Psychologie.\u00a0 Die Annahme, dass unser Gehirn bis ins hohe Alter die F\u00e4higkeit hat, sich neu zu organisieren, eine Plastizit\u00e4t besitzt, macht sie zu einer effektiven Methode des 21. Jahrhunderts. Die Biodynamik arbeitet\u00a0 mit wenigen mechanischen Techniken und erforscht eher durch feinstes Ertasten und Ersp\u00fcren die Bewegung der verschiedenen K\u00f6rperwasser. Das ist als feines wellenartiges [&hellip;]<\/p>\n","protected":false},"author":1,"featured_media":0,"parent":68,"menu_order":2,"comment_status":"closed","ping_status":"closed","template":"","meta":[],"_links":{"self":[{"href":"https:\/\/www.mudita-shiatsu.de\/index.php?rest_route=\/wp\/v2\/pages\/66"}],"collection":[{"href":"https:\/\/www.mudita-shiatsu.de\/index.php?rest_route=\/wp\/v2\/pages"}],"about":[{"href":"https:\/\/www.mudita-shiatsu.de\/index.php?rest_route=\/wp\/v2\/types\/page"}],"author":[{"embeddable":true,"href":"https:\/\/www.mudita-shiatsu.de\/index.php?rest_route=\/wp\/v2\/users\/1"}],"replies":[{"embeddable":true,"href":"https:\/\/www.mudita-shiatsu.de\/index.php?rest_route=%2Fwp%2Fv2%2Fcomments&post=66"}],"version-history":[{"count":16,"href":"https:\/\/www.mudita-shiatsu.de\/index.php?rest_route=\/wp\/v2\/pages\/66\/revisions"}],"predecessor-version":[{"id":1855,"href":"https:\/\/www.mudita-shiatsu.de\/index.php?rest_route=\/wp\/v2\/pages\/66\/revisions\/1855"}],"up":[{"embeddable":true,"href":"https:\/\/www.mudita-shiatsu.de\/index.php?rest_route=\/wp\/v2\/pages\/68"}],"wp:attachment":[{"href":"https:\/\/www.mudita-shiatsu.de\/index.php?rest_route=%2Fwp%2Fv2%2Fmedia&parent=66"}],"curies":[{"name":"wp","href":"https:\/\/api.w.org\/{rel}","templated":true}]}}