{"id":922,"date":"2019-02-25T13:31:08","date_gmt":"2019-02-25T13:31:08","guid":{"rendered":"http:\/\/www.mudita-shiatsu.de\/\/?page_id=922"},"modified":"2019-06-04T13:52:31","modified_gmt":"2019-06-04T13:52:31","slug":"fusrelaxmassage","status":"publish","type":"page","link":"https:\/\/www.mudita-shiatsu.de\/?page_id=922","title":{"rendered":"Fu\u00dfrelax- und \u00d6lmassage"},"content":{"rendered":"<p><img decoding=\"async\" loading=\"lazy\" src=\"https:\/\/www.mudita-shiatsu.de\/\/wp-content\/uploads\/2019\/03\/oel_fusse-1-1024x1024.jpg\" alt=\"\" width=\"660\" height=\"660\" class=\"alignnone size-large wp-image-1166\" \/><\/p>\n<h4><em>\u201ekurz und effektiv\u201c<\/em><\/h4>\n<p><img decoding=\"async\" loading=\"lazy\" src=\"https:\/\/www.mudita-shiatsu.de\/wp-content\/uploads\/2019\/03\/oel_fusse-575x375.jpg\" alt=\"\" width=\"575\" height=\"375\" class=\"mobiloptimiert\" \/><\/p>\n<p>Unsere F\u00fc\u00dfe werden den ganzen Tag belastet, sie sind flexibel und passen sich an die unterschiedlichsten Bedingungen an. Alle wesentlichen Meridiane beginnen oder enden an den F\u00fc\u00dfen, alle Organe haben an den F\u00fc\u00dfen ihre Reflexzonen und es finden sich dort fast 70.000 Nervenzellen. Unsere F\u00fc\u00dfe sind es wert, Aufmerksamkeit zu bekommen!<\/p>\n<p>Durch eine Fu\u00dfmassage wird das vegetative Nervensystem mit dem Sympathikus und dem Parasympathikus beeinflusst, die Durchblutung gef\u00f6rdert, der Stoffwechsel angeregt und ein ganzk\u00f6rperliches Wohlbefinden erreicht.<span class=\"Apple-converted-space\">\u00a0<\/span><\/p>\n<p>Streichen, Kneten, Dehnen der Sehnen und Gelenke, Druck auf Meridianpunkte mit abschlie\u00dfender \u00d6leinreibung lassen Sie wieder guten Bodenkontakt finden und mit leichterem Schritt weitergehen.<\/p>\n<p><\/p>\n<p class=\"oelmassage_headline\">\u00d6lmassage<\/p>\n<p><h8>\u201eKurzurlaub im Alltag\u201c<\/h8><br \/>\n<br \/>\nHaut, Gewebe, Muskeln und Lymphsystem werden durch klassische, rhythmische Streich- und Knetgriffe belebt und vitalisiert. K\u00f6rperliche und psychische<span class=\"Apple-converted-space\">\u00a0 <\/span>Spannung kann sich l\u00f6sen und die Entgiftung und Ausscheidung wird angeregt. Verwendet werden biologische K\u00f6rper\u00f6le, nach Wunsch auch angew\u00e4rmt.<\/p>\n<p>Die Behandlung findet auf der Massageliege statt.<\/p>\n<p>Bitte selbst ein gro\u00dfes Badehandtuch mitbringen. Eine Dusche vor Ort steht leider nicht zur Verf\u00fcgung.<\/p>\n","protected":false},"excerpt":{"rendered":"<p>\u201ekurz und effektiv\u201c Unsere F\u00fc\u00dfe werden den ganzen Tag belastet, sie sind flexibel und passen sich an die unterschiedlichsten Bedingungen an. Alle wesentlichen Meridiane beginnen oder enden an den F\u00fc\u00dfen, alle Organe haben an den F\u00fc\u00dfen ihre Reflexzonen und es finden sich dort fast 70.000 Nervenzellen. Unsere F\u00fc\u00dfe sind es wert, Aufmerksamkeit zu bekommen! Durch eine Fu\u00dfmassage wird das vegetative Nervensystem mit dem Sympathikus und dem Parasympathikus beeinflusst, die Durchblutung gef\u00f6rdert, der Stoffwechsel angeregt und ein ganzk\u00f6rperliches Wohlbefinden erreicht.\u00a0 Streichen, [&hellip;]<\/p>\n","protected":false},"author":1,"featured_media":0,"parent":68,"menu_order":4,"comment_status":"closed","ping_status":"closed","template":"","meta":[],"_links":{"self":[{"href":"https:\/\/www.mudita-shiatsu.de\/index.php?rest_route=\/wp\/v2\/pages\/922"}],"collection":[{"href":"https:\/\/www.mudita-shiatsu.de\/index.php?rest_route=\/wp\/v2\/pages"}],"about":[{"href":"https:\/\/www.mudita-shiatsu.de\/index.php?rest_route=\/wp\/v2\/types\/page"}],"author":[{"embeddable":true,"href":"https:\/\/www.mudita-shiatsu.de\/index.php?rest_route=\/wp\/v2\/users\/1"}],"replies":[{"embeddable":true,"href":"https:\/\/www.mudita-shiatsu.de\/index.php?rest_route=%2Fwp%2Fv2%2Fcomments&post=922"}],"version-history":[{"count":21,"href":"https:\/\/www.mudita-shiatsu.de\/index.php?rest_route=\/wp\/v2\/pages\/922\/revisions"}],"predecessor-version":[{"id":1857,"href":"https:\/\/www.mudita-shiatsu.de\/index.php?rest_route=\/wp\/v2\/pages\/922\/revisions\/1857"}],"up":[{"embeddable":true,"href":"https:\/\/www.mudita-shiatsu.de\/index.php?rest_route=\/wp\/v2\/pages\/68"}],"wp:attachment":[{"href":"https:\/\/www.mudita-shiatsu.de\/index.php?rest_route=%2Fwp%2Fv2%2Fmedia&parent=922"}],"curies":[{"name":"wp","href":"https:\/\/api.w.org\/{rel}","templated":true}]}}